 0/((-4)/2 - 0). Suppose c = w - s. List the prime factors of w.
2
Suppose 0*r + 4*r = 0. Suppose -2*d = 3*g - 16, -3*g - 2*g = -3*d - 14. Suppose -i - 3*k = -r*k - 13, -i + d*k + 18 = 0. List the prime factors of i.
2
Let a be ((-4)/(-12))/((-2)/(-24)). Suppose p + 60 = a*p. List the prime factors of p.
2, 5
Let r be (-56)/(-35) - 2/(-5). Suppose m - 66 = -r*m. What are the prime factors of m?
2, 11
Suppose 3*l + l = 0. Suppose l = 4*d - u + 2*u - 72, -4*u = 0. What are the prime factors of d?
2, 3
Let d be 2/(-1) - 1*-3. Suppose 2*o = 3 + d. Suppose 2*l - 24 = -4*n - o*l, -5*n - 3*l + 40 = 0. What are the prime factors of n?
11
Let w = 0 - 2. Let r = 5 + w. Suppose 3*f + 19 = 2*g - 0*f, 0 = r*f + 9. What are the prime factors of g?
5
Suppose h - s - 4 = -3*s, h + 3*s - 9 = 0. Let k = h + 9. Suppose 0 = -5*x, -g + k*x + 40 = 3*g. What are the prime factors of g?
2, 5
Suppose 3*l = -0*l - 9. Suppose 4*x + 3*f - 4*f = -34, 3*x = 4*f - 19. Let b = l - x. What are the prime factors of b?
2, 3
Suppose u + 29 - 2 = 0. Let g = 0 - u. What are the prime factors of g?
3
Let i = 94 - -115. What are the prime factors of i?
11, 19
Let z = 7 + -13. Let h = 3 + z. What are the prime factors of (-22)/h - (-4)/6?
2
Let s(c) = -c**2 + 5*c - 4. Let a be (20/(-6) - -2)*-3. Let i be s(a). Suppose i = -0*d - d + 3. List the prime factors of d.
3
Let t(x) = 6*x**2 - 6*x - 9. Let l(c) be the first derivative of -5*c**3/3 + 5*c**2/2 + 9*c - 3. Let d(q) = 7*l(q) + 6*t(q). List the prime factors of d(0).
3
Let u(w) = w**2 + 8*w - 9. Let n be u(-9). Suppose 3*f = -j + 53, 3*j + 2*j = 3*f - 23. Suppose n*a + f = a. List the prime factors of a.
2
Suppose -7 - 35 = -z. List the prime factors of z.
2, 3, 7
Suppose -4*j = 5*p - 14, 3 = 2*p - 0*p - j. Let c(y) = y**2 - 2. Let a be c(p). Suppose 3*d - 5*u = 10 + 14, -16 = -a*d + 3*u. What are the prime factors of d?
2
Let i = 80 + -13. What are the prime factors of i?
67
Let x(a) = 0*a**2 - a**3 + 3*a**3 - 4*a - 7*a**2 - 3*a**3. Let r be x(-5). Let i = r + 42. What are the prime factors of i?
2, 3
Suppose 3*a + 8 = a - g, -4*a + 3*g + 4 = 0. What are the prime factors of (3 - a - -3)*1?
2
Let z(j) = -6*j**3 - 4*j**2 - 4*j + 5*j**3 + 9*j**2 + 6. List the prime factors of z(4).
2, 3
Let y = 13 - 9. Let h(o) = 3*o**2 - 1 + 6*o + 4 - 2 - 4*o**2. What are the prime factors of h(y)?
3
Let c(j) = -j**2 - 7*j + 7. Let g be c(-8). Let x(o) = 15*o**3 + o**2. Let p be x(g). List the prime factors of 4/p - (-116)/14.
2
Let f(d) = 5*d**2 + 2*d - 2. Let c = 6 + 4. Let y be (2/(-5))/(2/c). List the prime factors of f(y).
2, 7
Let g be 3 - ((-1 - -2) + 0). Suppose 0 = 5*s - 4*z + 2*z - 17, 0 = -4*s - g*z + 28. List the prime factors of s.
5
Let v(z) = z**3 + 15*z**2 - 2*z - 7. List the prime factors of v(-15).
23
Let u be -3 + 24 - (-2 - -3). Suppose -3*c = -7 - u. List the prime factors of c.
3
Let a(w) = 0 + w - 1 + 1. What are the prime factors of a(5)?
5
Suppose 3*d = -2*d + 10. Let u = -16 - d. Let k = u + 35. List the prime factors of k.
17
Let h be ((-1)/3)/((-5)/(-15)). Let z be (-6)/(-2) + 1/h. Suppose d - 4*r + 18 = z*d, 2*r = -2*d + 18. What are the prime factors of d?
2, 3
Let x(g) = -3*g**2 + 4. Let f(d) = 3*d**2 - 5. Let y(o) = -3*f(o) - 4*x(o). What are the prime factors of y(1)?
2
Let g = 116 + -80. Let k = g + 5. List the prime factors of k.
41
What are the prime factors of 6/2*(-92)/(-6)?
2, 23
Let j(p) = -p - 6. Let x be j(-7). What are the prime factors of x - (-3 + 0)/1?
2
Suppose -38 + 9 = -b. Suppose -2*d + 33 = -b. Let z = -9 + d. What are the prime factors of z?
2, 11
Suppose 2*t + 10 = -5*z - 4, 0 = 4*z + 16. Suppose 2*f + 9 = 5*p, 2*p = -4*f + 2*f + 12. Suppose 9 = f*y + 2*y - s, 2*s - 8 = -t*y. List the prime factors of y.
2
Let m be (-1 + 0*(-1)/(-2))*3. Let z(q) = 1 - 3 - 6*q + 0. What are the prime factors of z(m)?
2
Suppose -u = 5*q - 145, 3*q + 2*u = -u + 99. What are the prime factors of q?
2, 7
What are the prime factors of (16/(-5))/(1/(-10))?
2
Suppose -6*l = 271 - 1399. Suppose 6*x - 10*x + l = 0. What are the prime factors of x?
47
Let h = 26 + -22. Let k be (4 + 2)/((-6)/(-8)). Suppose -h*x = k, -3*o + x + 48 = -2*x. List the prime factors of o.
2, 7
What are the prime factors of -2 + 143 + 2/2 + -3?
139
Suppose 155 = 9*z - 8*z. What are the prime factors of z?
5, 31
Let i(r) = -r**3 - 6*r**2 - 3*r + 3. Let d be i(-6). Suppose -3*b - 3 + d = 0. What are the prime factors of b?
2, 3
Let t(f) = -f - 4. Let o be t(-7). Suppose 4*x - o*x - 2 = 0. Suppose 0 = 3*w - 11 + x. What are the prime factors of w?
3
Let g = -69 + 111. List the prime factors of g.
2, 3, 7
Suppose d = -3*c + 42, 74 + 150 = 4*d - 2*c. List the prime factors of d.
2, 3
Let i(c) = 0*c + 3 - 3*c + 0*c - c**2 + 4*c + c**3. List the prime factors of i(3).
2, 3
Suppose 1 + 38 = 3*q. List the prime factors of q.
13
Suppose -9*l = -13*l. Suppose 4*p = -4*k - 26 + 146, l = -5*p - 3*k + 142. List the prime factors of p.
2, 13
Let c be (-4)/(-6) - 70/(-21). List the prime factors of (27/c)/(6/16).
2, 3
Let x be (-15 - (-1 - -2)) + 2. Let i = x + 6. Let m = 0 - i. What are the prime factors of m?
2
Let i(b) = b**2 - 11*b - 10. What are the prime factors of i(14)?
2
Suppose 2*r - 193 = -2*g - 63, 0 = 2*r + 5*g - 118. What are the prime factors of r?
3, 23
Let w = 171 - -10. What are the prime factors of w?
181
Let g = 38 - 8. List the prime factors of g.
2, 3, 5
What are the prime factors of (-10)/(-40) + (-654)/(-8)?
2, 41
Let g = -13 + 6. List the prime factors of 2/g - 308/(-49).
2, 3
Suppose 0 = -w - 5 + 1. Let q be (w/5)/(2/(-5)). Suppose 4*m = q*m + 24. What are the prime factors of m?
2, 3
Let a(w) = 3*w**2 - w - 1. Let q be a(-1). Let l be 0/(-2*q/(-6)). Suppose -2*b + 8 = l, 0*b - 4*b = c - 19. What are the prime factors of c?
3
Let s = 4 + 1. Suppose 3*o = 8*o + 2*x - 54, -o = s*x - 20. What are the prime factors of o?
2, 5
Let q = 4 - -4. List the prime factors of q.
2
Let x be 0/(-2) + (-150)/(-5). Suppose 7*r = 10*r - x. Suppose r = o + 3*v, 3*o + 2*v = -3*v + 34. List the prime factors of o.
13
Let b(c) = 7*c + 2 - 1 + 0. Suppose -3 - 1 = -4*d. List the prime factors of b(d).
2
Suppose x + 24 = -3*x. Let z(w) = w**3 + 7*w**2 + 3*w - 6. Let k be z(x). What are the prime factors of -1 + -1 - k/(-2)?
2
Let u be (-12)/(-24) + 290/4. Suppose -5*t + 161 = -2*j, 3*t - 8 = -4*j + u. List the prime factors of t.
31
Let f(a) = a + 3. Let i be f(-3). Suppose r + i*r - 4 = 0. What are the prime factors of r?
2
Let t(p) = -p**3 + 11*p**2 - 9*p. Suppose -6*h = -h - 50. What are the prime factors of t(h)?
2, 5
Let u(f) = f**3 - 2*f**2 + 2*f - 2. Let x be ((-2)/4)/((-6)/108). Let j be (2*x/3)/2. What are the prime factors of u(j)?
13
Suppose -5*n + 3*h + 49 = 0, n - 4*h - 14 = -2*h. What are the prime factors of (-4)/(n/(-3))*2?
3
Let l be (4/6)/((-2)/3). Let n = 20 - l. List the prime factors of n.
3, 7
Let y be (1/(-3))/(2/(-12)). Suppose -y*t + 3*l = -40, -3*l = -2*l. List the prime factors of t.
2, 5
Let g(s) be the first derivative of -s**5/120 + s**4/3 + 2*s**3/3 - 1. Let p(i) be the third derivative of g(i). What are the prime factors of p(6)?
2
Suppose 74 = 5*m - 101. What are the prime factors of m?
5, 7
Suppose -5*b + 189 = 2*z, -2*b + 96 = z + 2*b. Suppose -5*u + 2*j + 0*j + 86 = 0, -5*u + 4*j = -z. List the prime factors of u.
2
Let h(q) = -2*q - 5. Suppose 16 = 3*l + 1, 0 = -2*v - 3*l + 1. List the prime factors of h(v).
3
What are the prime factors of 45*(42/9)/7?
2, 3, 5
Let k be (33/(-22))/((-3)/14). Suppose 3*r = 14 + k. What are the prime factors of r?
7
Let r(k) = -3*k**3 - k. Let f be r(-2). Let q = -15 + f. List the prime factors of q.
11
Suppose -2*b + a = -3*b - 23, 5*a + 7 = b. Let h = -9 - b. List the prime factors of h.
3
Let y(h) be the third derivative of -h**6/120 + 3*h**5/20 + h**4/2 - 5*h**3/6 + 3*h**2. Suppose 0 = -2*t + 7*t - 50. List the prime factors of y(t).
3, 5
Suppose 0 = -4*j + 20 + 12. Suppose -5*c + c + 4*z - j = 0, -4*c = z + 23. List the prime factors of ((-6)/c)/(6/45).
3
Let v(n) = -40*n**3. Suppose -4*t + 13 = 3*z, 2*t - 3 = -z + 4. List the prime factors of v(z).
2, 5
Let j = 20 - 33. Let o = j - -19. List the prime factors of 18/4*4/o.
3
Suppose -x - 3*d = -8, 4 = -5*x - 2*d - 2*d. Let n(o) = 2*o*